 = 2*b - 4*u - 0 + 48, -4*b + 3*u = 71. Let c = -3 - b. What is the remainder when 2/4 + 78/4 is divided by c?
9
Suppose 88 - 28 = 4*z. Suppose -99 = -2*p - 5*g, -g = -4*p + 71 + 160. What is the remainder when p is divided by z?
12
Let u(a) = -11 + a + a + 4. Let i = -81 + 99. What is the remainder when i is divided by u(7)?
4
Suppose -n - 2*g + 76 = n, -3*g = -12. What is the remainder when n is divided by 12?
10
Let n = 14 + 12. Let c be n/(0 + 3/6). Suppose 7*y = -3*r + 4*y + 33, -5*r + c = 2*y. Calculate the remainder when r is divided by 6.
4
Suppose 0 = -4*k + 113 - 1. Suppose 0 = 8*t - 4*t - 8. Suppose -4*g = 3*r - 61, 0 = -5*r + t*r - 3*g + 57. Calculate the remainder when k is divided by r.
13
Let k = 73 - 9. Suppose 3*s = 2 + k. Suppose -7 = o + 5*h - 25, -2*o + 5*h = -6. Calculate the remainder when s is divided by o.
6
Suppose v - 5 = -0*v - 5*w, 8 = -4*w. Let c(i) = i**2 - 3*i + 4. Let t be c(4). Let s = v - t. Calculate the remainder when s is divided by 4.
3
What is the remainder when 3 + 5 + 2 + 0 is divided by 9?
1
Let y be -1*(-13 + 3 + -1). Let c = y + -5. What is the remainder when 2/8 + (-134)/(-8) is divided by c?
5
Suppose 11 - 33 = -o. Calculate the remainder when o is divided by 12.
10
Let t = 5 - 3. Suppose 6 = t*f - 3*x + 2*x, 0 = -5*f - 3*x - 7. Calculate the remainder when 37 is divided by f/(-2) + 39/2.
18
Let b = 37 + -18. What is the remainder when 75 is divided by b?
18
Suppose -5*p = -2*d + 31 + 32, -d - 2*p = -18. Calculate the remainder when 69 is divided by d.
21
What is the remainder when 24 is divided by 258/21 + -3 - 6/21?
6
Let f(z) = 2*z**2 - z - 3. Let r = 9 - 6. Calculate the remainder when f(r) is divided by 7.
5
Let p(v) = 2*v**2 + 11*v - 7. What is the remainder when 127 is divided by p(-8)?
28
Suppose 4*o + 1 = -g - 12, -g + 12 = -o. What is the remainder when g is divided by 2?
1
Suppose -5*z + 2*v + 306 = 0, 3*z + 64 = 5*v + 259. What is the remainder when z is divided by 16?
12
Suppose -2*w - 2*w = -116. Suppose 5*h + 3*i = 47, -2*i = 4*h - h - w. Let m = 32 - 13. What is the remainder when m is divided by h?
5
Let n(s) = -s**2 + 14*s - 23. Calculate the remainder when n(10) is divided by 9.
8
Let b = -52 - -77. What is the remainder when b is divided by 9?
7
Let b = -4 - -7. Let j be 7/1 - (2 - 0). Suppose -j*g + b*g + 50 = 0. What is the remainder when g is divided by 7?
4
What is the remainder when 1*(297 - -5)/2 is divided by 38?
37
Let m be 4*-5*1/(-4). Suppose m*x - 7 = s, -x + 3 = -3*s - 4*x. Calculate the remainder when 25*((-4)/5)/s is divided by 4.
2
Let v = -8 - -6. Let s = 5 - v. Calculate the remainder when s is divided by 3.
1
Let s(b) = b**3 + 14*b**2 - 15*b + 5. Let v be s(-15). Suppose v*h - 37 = 4*h. What is the remainder when h is divided by 8?
5
Suppose -1 = -v + 16. Suppose -8 = 3*t + 2*w + 11, -4*t - 10 = -5*w. Let h = t + 14. Calculate the remainder when v is divided by h.
8
Let g = 21 + -16. Let j = -12 + 30. Calculate the remainder when j is divided by g.
3
Let x = -1 + 9. Calculate the remainder when 54 is divided by x.
6
Suppose 2*b - 9 = -33. Let r = b + 18. Suppose 3*o + 11 + r = 2*i, 5*o - 5 = 0. What is the remainder when i is divided by 3?
1
Suppose w = 5*i, -2*i + 6*w - w + 23 = 0. Calculate the remainder when (2 - i)*(-75)/(-9) is divided by (-534)/(-42) - (4/(-14) + 0).
12
Let s(c) = -4 - 2 - c**3 + 0 - 11 + 15*c + 11*c**2. What is the remainder when 37 is divided by s(12)?
18
Let c = 16 - 18. Calculate the remainder when 10 is divided by (3 - 5)/(c/6).
4
Suppose 12 = 3*q - 4*y, 6 = 4*q + 4*y - 10. Suppose 0 = n - q*n + 45. Calculate the remainder when n is divided by 0 + 1 + 1 - -6.
7
Let g = 20 - 5. Let b be -45 + (-2)/(0 + 2). Let h = -3 - b. Calculate the remainder when h is divided by g.
13
Let k = -8 - -18. What is the remainder when 28 is divided by k?
8
Let g be 27/12 + 2/(-8). Suppose -7*f = -g*f - 105. Let w = 21 + -13. Calculate the remainder when f is divided by w.
5
Let x = 121 - 79. Suppose -4*r + x + 22 = 0. What is the remainder when r is divided by 6?
4
Suppose 5*i - 7 = 8. Suppose 5*d = t + t - 22, -44 = -4*t + i*d. Suppose -c - 2*y = -16, -5*c + y - t = -80. What is the remainder when 26 is divided by c?
12
Let m(p) = 11*p**3 + p**2 - 2*p + 1. Let d(h) = -2*h + 11. What is the remainder when d(-5) is divided by m(1)?
10
Let w = -57 - -28. Let x = w + 50. Calculate the remainder when 38 is divided by x.
17
Let h = 34 - 24. Let n be 4/(-12)*(-8 - 1). Suppose -n*f = -4*w + 131, 0 = -5*f - 20 - 5. Calculate the remainder when w is divided by h.
9
Let c(l) be the first derivative of 3*l**2/2 - 6*l - 2. What is the remainder when c(11) is divided by 15?
12
Suppose -2*w + 3*t = 10, 2*t - 12 = 3*w - t. Let l = w - -1. Let h = l + 2. What is the remainder when 2 is divided by h?
0
Let m = 31 - 6. Calculate the remainder when 97 is divided by m.
22
Let b(x) = -4*x**2 + 2*x**3 - 3*x**3 - 2*x + 5 - 3 - 4. Let j = 46 - 29. What is the remainder when j is divided by b(-4)?
5
Suppose -10*v = -19*v + 108. Calculate the remainder when 71 is divided by v.
11
Suppose -q = -2*q + 12. Let i(u) = 0 + 4*u + 2*u**2 + 2*u**2 + 1 - 3*u**2. Calculate the remainder when i(3) is divided by q.
10
Suppose -2*n - b = -453, 2*n + n + 2*b - 677 = 0. What is the remainder when n is divided by 10?
9
Suppose 0 = -5*g + 2*g + 93. Let p = -17 + 28. What is the remainder when g is divided by p?
9
Let z(v) = v**2 + 7*v + 17. What is the remainder when 51 is divided by z(-6)?
7
Let q(s) = s**3 - 9*s**2 + 6*s + 9. Suppose 13 = 3*f + u - 5*u, 0 = -2*f + 2*u + 12. Calculate the remainder when q(9) is divided by f.
8
Calculate the remainder when 92 is divided by 14/(-14) + 2 + 0 - -24.
17
Let j(q) = -q - 13. Let c be j(-10). Let k = -1 - c. Calculate the remainder when 28 is divided by (-1 - (k - -2))*-2.
8
Let w(d) = -d + 6. Let b be w(6). Suppose 0 = -5*n + 4*z - b*z + 155, 0 = n - 4*z - 15. Suppose 49 = 4*l - n. What is the remainder when l is divided by 11?
10
Let w(z) = z**3 + 9*z**2 + 2*z - 7. Let m be w(-8). Suppose 0 = 2*u + 2*y + 2, -6 = 5*u - 3*y - m. Calculate the remainder when 11 is divided by u.
3
Let i(z) = z**3 + 22*z**2 - 23*z + 22. What is the remainder when i(-23) is divided by 6?
4
Let v(k) = -k**3 + 12*k**2 - 3*k - 1. Let s be v(9). Suppose 6*a = a + s. Calculate the remainder when a is divided by 11.
10
Let b(s) = s + 1. Let w be b(4). Suppose -w*l + 36 = -4. What is the remainder when 15 is divided by l?
7
Let x(s) = 9*s - 1. Let f(o) = o**3 + o**2 + o + 4. Let h be f(0). Calculate the remainder when x(h) is divided by 12.
11
Suppose 5*x + 3*q - 37 = 0, x + 5*q + 7 = 32. Suppose x*z + 3*m - 98 = 0, 0*m + 106 = 5*z + m. Calculate the remainder when z is divided by 13.
9
What is the remainder when 19/6 + -3 + (-311)/(-6) is divided by 18?
16
Let a = -25 - -42. What is the remainder when 67 is divided by a?
16
Suppose 2*o = 6 + 6. Suppose -n - o*z + 12 = -3*z, 0 = -5*z. Suppose -2*i + 5*i = y - 39, 2*i - 229 = -5*y. What is the remainder when y is divided by n?
9
Suppose -w - 4 = -2*d, -16 = -0*d - 2*d - 2*w. Suppose -d*r + 0*r + 48 = 0. Calculate the remainder when 35 is divided by r.
11
Let t = 2 + 3. Suppose -t*f = 2*i - 94, -2*i = f - 0 - 14. Let p(b) = -b**3 - 3*b**2 - 4*b - 1. What is the remainder when f is divided by p(-3)?
9
Let s(a) = a + 7. Let x be s(-5). Suppose 0 = -y - 5*h + 18, -2*y - x*h + 31 = 3*h. What is the remainder when 25 is divided by y?
12
Suppose l - 27 = u - 0, -u - 77 = -3*l. What is the remainder when l is divided by 7?
4
Let a(j) = 7*j + j**2 + 8 + 3*j**2 - 3*j**2. Let o = 8 - -39. Calculate the remainder when o is divided by a(-8).
15
Let y = 88 + -11. What is the remainder when y is divided by 20?
17
Let i(t) = -t**3 + 1. Let d(a) = 6*a**3 - 6*a**2 + 2*a + 2. Let k(l) = -d(l) - 5*i(l). Calculate the remainder when 23 is divided by k(5).
7
Calculate the remainder when (-4)/(-6) + 1072/48 is divided by 2/(((-8)/26)/(-2)).
10
Let i(x) = 5*x - 2. Let m be -16*2/(-8)*-2. Let b(q) = q + 10. Let k be b(m). What is the remainder when 15 is divided by i(k)?
7
Let o(k) = k**2 - 4*k + 2. Let b be o(3). What is the remainder when 43/2*(2 - 0) is divided by (4/2 - b)*5?
13
Let q(c) = c**2 - 3*c + 2. Let g be q(3). Let l be 14/(-10) + g/5. L